 of ((-1 - 6)*-1)/f.
7
Let t(v) = v**3 + 12*v**2 - 17*v - 29. What are the prime factors of t(-10)?
11, 31
Suppose 0 = 26*v - 27*v + 9. Suppose 7*n - v*n + 318 = 0. What are the prime factors of n?
3, 53
Let k(d) = -5 + 24*d**2 + 21*d**2 - 65*d**2 - 9*d + 21*d**2. Let c be 58/4 - 3/6. What are the prime factors of k(c)?
5, 13
Suppose -2*g + 3 + 3 = 0. Suppose 0 = g*y + y - 100. Suppose -4 = -j + y. What are the prime factors of j?
29
Let s(l) = -9*l + 45. Let m be s(5). What are the prime factors of (-39 - (1 - m))/(-17 - -15)?
2, 5
What are the prime factors of (-6)/(-9)*(-57264)/(-32)?
1193
Let l be 10/(-3)*(-6 + 3). Let d(k) be the first derivative of -k**4/4 + 10*k**3/3 + 3*k**2/2 - 10*k + 12. List the prime factors of d(l).
2, 5
Let f = -18 - -23. Suppose 25 = 5*c + f. List the prime factors of c.
2
Let i be (-3 + 0)*1 + (-74 - 11). Let q = i + 130. What are the prime factors of q?
2, 3, 7
Suppose b = p + 2, 0*p = -2*b - 3*p - 1. Suppose t = f - b - 3, 12 = 3*t. What are the prime factors of f?
2
Suppose 5*d + 14 = 14. Suppose 4*z + 1 - 13 = d. What are the prime factors of z?
3
Let d be 2337/9 - (-1)/3. Suppose -2*y = -d - 52. What are the prime factors of y?
2, 3, 13
Let v be (-30)/(-12)*(-8)/(-5). Suppose 4*s - 47 = -5*x + 5*s, x - 1 = -v*s. Let z = x + 1. List the prime factors of z.
2, 5
Suppose 7*w = 14*w - 623. List the prime factors of w.
89
Let p = 6413 + -3780. What are the prime factors of p?
2633
Suppose 211*x - 208*x - 3678 = 0. List the prime factors of x.
2, 613
Let x = 136 + -94. Let v be (648/x)/(1/7). Let t = -73 + v. List the prime factors of t.
5, 7
Let n(c) = c**2 - 7*c + 15. Let h be n(10). Let v = -18 + h. What are the prime factors of v?
3
Suppose 0 = -68*o + 61*o + 32368. What are the prime factors of o?
2, 17
Suppose -2 = -9*t + 34. Suppose t*f + 93 = u, -170 = -2*u + f + 3*f. What are the prime factors of u?
7, 11
Let t = 57 - -118. List the prime factors of t.
5, 7
Let b(a) = -a**3 + 4*a**2 + 4*a + 3. Let z be b(4). Let n = 9 - z. What are the prime factors of (-156)/n + (-10)/(-25)?
2
Suppose -d + 2141 = 411. What are the prime factors of d?
2, 5, 173
Suppose -21490 + 3922 = -18*n. What are the prime factors of n?
2, 61
Suppose -4*m - 7 - 6 = -z, 2*z - 2*m = 14. Suppose -z*s - 7 = -72. What are the prime factors of s?
13
List the prime factors of (((-176)/12)/(-4))/((-15)/(-135)).
3, 11
List the prime factors of -4 + (-7468)/(-10) + (-13)/(-65).
743
Suppose 19*t = -22*t + 52726. List the prime factors of t.
2, 643
Suppose x = -2*x - 135. List the prime factors of (108/x)/(2/(-20)).
2, 3
Let z(w) = 3*w**3 + 10*w**2 - 2*w - 5. Let v(u) = 4*u**3 + 10*u**2 - 2*u - 6. Let r(c) = -4*v(c) + 5*z(c). What are the prime factors of r(9)?
2, 31
Suppose -31*i + 52057 = 9990. What are the prime factors of i?
23, 59
Suppose -5*l + l = -12. Suppose 0*d - 3*z - 107 = -2*d, 49 = d + l*z. List the prime factors of d.
2, 13
Let h(x) = -x**3 - x**2 + x - 1. Let c be h(1). Let q(v) = v**3 + 4*v**2 - v + 3. Let n be q(-4). Let d = c + n. List the prime factors of d.
5
List the prime factors of (1206 - 18) + (-2 - -11).
3, 7, 19
Suppose 15 = 3*h + 3*w, -4*w = 2*h - 6*h + 44. Suppose 10*v = 12 + h. List the prime factors of v.
2
Suppose 5*z = 2*z + 27. Suppose -9*s = -6*s + z. What are the prime factors of s*(-2)/(-12)*-62?
31
Let k(r) = 573*r - 120. What are the prime factors of k(3)?
3, 13, 41
Let a be 3*1 - (-21 - -20). Suppose -a*x + 277 = -111. List the prime factors of x.
97
Let t(g) = -g - 2. Let w be t(1). What are the prime factors of 3 - (w + (-6 - 1))?
13
Let o be 8/64 + (-46)/(-16). Suppose j - 31 = -4*h, -j + 6*j + o*h - 87 = 0. What are the prime factors of j?
3, 5
Suppose -5*x + 0*i + 365 = -2*i, 2*x - 2*i = 140. What are the prime factors of x?
3, 5
Let l be 2/(-4 - 9/267*-119). Suppose 4*t = 3*k - k + 10, 2*t - 1 = 5*k. Suppose -t*n + 2 + l = 0. List the prime factors of n.
2, 3, 5
Let w(l) = 4*l**2 + 61*l - 40. Let n be w(-18). Suppose -r - 3*g + 309 = 3*r, -3*r = -3*g - 237. Let q = n - r. What are the prime factors of q?
2, 5
Let z be 0*(4 - 0 - 3). Suppose z = 2*v + v. List the prime factors of (v + (-4)/12)*-15.
5
Let h = 107 - -14. Let f = h + -11. What are the prime factors of f?
2, 5, 11
Let o(q) = 105*q - 52. What are the prime factors of o(10)?
2, 499
Suppose 0 = -2*q + q - 4, -2*k + 24 = -5*q. Suppose -2*g + g - k*m = 4, -g - m = 0. Suppose -g = -4*v + 56. List the prime factors of v.
3, 5
Suppose -2*u + 17964 = 4*f + 6462, -2*u = 2. List the prime factors of f.
2, 719
Let l(i) = -i**2 - 8*i. Let k be l(-8). Let g(r) = 0*r**2 - r**2 + 4*r + 3 + k*r**2. What are the prime factors of g(4)?
3
Suppose 0 = 126*i - 119*i - 2387. What are the prime factors of i?
11, 31
Suppose -2*u = v - 67 - 635, 4*v + u - 2822 = 0. What are the prime factors of v?
2, 353
Let l(t) = t - 1. Let j(a) = 8*a**2 + 21*a - 2. Let b(g) = j(g) - 6*l(g). List the prime factors of b(-5).
3, 43
Let o = 498 - -43. What are the prime factors of o?
541
Suppose 5 = -3*v - 7. What are the prime factors of (v/(-6))/((-15)/(-720))?
2
Suppose 1 - 5 = 4*w, -q + 2*w + 364 = 0. List the prime factors of q.
2, 181
Let f(m) = 18*m + 3*m + m**2 + 24 + 0*m**2 - 6*m. Suppose -64 = -4*t + 8*t. What are the prime factors of f(t)?
2, 5
Let o = -3 - -20. Let j be (2/(-3))/(o/(-102)). Suppose j*n + n = 105. What are the prime factors of n?
3, 7
Let h = -1 + 10. Suppose 0 = 5*s - 2*s - h. Suppose s*r = -0*r + o + 32, -21 = -2*r + o. List the prime factors of r.
11
Let n(o) = 101*o + 114. List the prime factors of n(9).
3, 11, 31
Let w(x) = -5*x - 11. Let g be 0/(-1)*(1 - 0). Suppose g*t - 24 = 4*t. List the prime factors of w(t).
19
Suppose 8*w + 139 = 1091. Suppose -b + 119 = -c, c + 2*c = b - w. List the prime factors of b.
7, 17
List the prime factors of ((3460 - (0 + 5)) + 5)*1.
2, 5, 173
Suppose 5*q = 2019 + 5396. What are the prime factors of q?
1483
Let t be (-8)/((-3)/16*(-16)/(-48)). Let y = 59 + t. List the prime factors of y.
11, 17
Suppose 0 = -59*n + 134*n - 5325. What are the prime factors of n?
71
Let k be (1 + -14)*1*-2. Let p = 17 + -19. Let x = k + p. List the prime factors of x.
2, 3
List the prime factors of (442/(-6))/(-2*1/6).
13, 17
Let g = -39 + 28. Let x = 18 - g. Let u = -3 + x. List the prime factors of u.
2, 13
Let k(j) = -j**2 + 7*j + 308. What are the prime factors of k(21)?
2, 7
Suppose -5*u = -5*k + 25, -7*k + 3*k + 13 = 3*u. Suppose -6 + 230 = 2*r. Suppose 192 = k*w - a - 3*a, -3*w + r = 5*a. List the prime factors of w.
2, 11
Suppose -44*j + 49*j - 1614 = -4*n, -4*j - 820 = -2*n. List the prime factors of n.
2, 7, 29
Let q(j) be the second derivative of -7*j**6/720 - j**5/15 + 5*j**4/12 + 2*j. Let z(a) be the third derivative of q(a). List the prime factors of z(-7).
41
List the prime factors of -13 - -15 - (-1)/(1/45).
47
Let p = 241 - -232. What are the prime factors of p?
11, 43
Suppose 5*s + 87 + 473 = 0. Let t = s - -184. List the prime factors of t.
2, 3
Let q(l) = -2*l**3 + l**2 - l - 2. Let g be q(-1). Suppose -4*w = 5*m - g*w - 650, -4*m + 508 = 4*w. What are the prime factors of m?
2, 3, 11
Let j be (-2)/5 - (-12)/30. Let g be (2 - 5 - -98) + j. Let c = -52 + g. What are the prime factors of c?
43
Suppose -2*v = 3*y - 2*y - 42, -4*v - 3*y + 80 = 0. Let a = 27 + v. Let n = a - 30. List the prime factors of n.
2, 5
Suppose -4*b - 3*o + 0*o + 32 = 0, -3*b = -4*o - 24. Suppose n + 20 + b = 0. Let y = -10 - n. What are the prime factors of y?
2, 3
Let k be (-6)/12 - (-3)/6. Suppose k = 3*w - 0*w - 168. Suppose 202 = 5*r - 3*b, r + 5*b - w = -r. What are the prime factors of r?
2, 19
Suppose 4*w + 3*u - 5*u = 14, u = -1. List the prime factors of (w + -14)/((1/(-1))/2).
2, 11
Suppose -3*f = -6*f + 2*a + 87, -f + 18 = 3*a. List the prime factors of f.
3
Suppose -37029 = -39*v + 22056. List the prime factors of v.
3, 5, 101
Let h(x) = 283*x**3 + 4*x**2 - 4*x. What are the prime factors of h(1)?
283
Suppose 0 = -3*t - 18. Let i = 6 + t. Suppose -4*m + i*m + 60 = 0. List the prime factors of m.
3, 5
Let m = -54 - -38. Let r = m - -48. Suppose -r = -3*l + 13. List the prime factors of l.
3, 5
Let j = -574 - -1402. List the prime factors of j.
2, 3, 23
Let r(w) = 15*w**2 + w + 1. Let a be r(-1). Let f = 40 + a. Suppose -f = -2